[INFO] fetching crate stayalive 0.5.0...
[INFO] checking stayalive-0.5.0 against master#cfbc6d4cf1acbac5c025acf8ed68929caa551df3 for pr-75494-beta
[INFO] extracting crate stayalive 0.5.0 into /workspace/builds/worker-8/source
[INFO] validating manifest of crates.io crate stayalive 0.5.0 on toolchain cfbc6d4cf1acbac5c025acf8ed68929caa551df3
[INFO] running `Command { std: "/workspace/cargo-home/bin/cargo" "+cfbc6d4cf1acbac5c025acf8ed68929caa551df3" "read-manifest" "--manifest-path" "Cargo.toml", kill_on_drop: false }`
[INFO] started tweaking crates.io crate stayalive 0.5.0
[INFO] finished tweaking crates.io crate stayalive 0.5.0
[INFO] tweaked toml for crates.io crate stayalive 0.5.0 written to /workspace/builds/worker-8/source/Cargo.toml
[INFO] running `Command { std: "/workspace/cargo-home/bin/cargo" "+cfbc6d4cf1acbac5c025acf8ed68929caa551df3" "generate-lockfile" "--manifest-path" "Cargo.toml" "-Zno-index-update", kill_on_drop: false }`
[INFO] running `Command { std: "/workspace/cargo-home/bin/cargo" "+cfbc6d4cf1acbac5c025acf8ed68929caa551df3" "fetch" "--locked" "--manifest-path" "Cargo.toml", kill_on_drop: false }`
[INFO] running `Command { std: "docker" "create" "-v" "/var/lib/crater-agent-workspace/builds/worker-8/target:/opt/rustwide/target:rw,Z" "-v" "/var/lib/crater-agent-workspace/builds/worker-8/source:/opt/rustwide/workdir:ro,Z" "-v" "/var/lib/crater-agent-workspace/cargo-home:/opt/rustwide/cargo-home:ro,Z" "-v" "/var/lib/crater-agent-workspace/rustup-home:/opt/rustwide/rustup-home:ro,Z" "-e" "SOURCE_DIR=/opt/rustwide/workdir" "-e" "CARGO_TARGET_DIR=/opt/rustwide/target" "-e" "CARGO_HOME=/opt/rustwide/cargo-home" "-e" "RUSTUP_HOME=/opt/rustwide/rustup-home" "-w" "/opt/rustwide/workdir" "-m" "1610612736" "--user" "0:0" "--network" "none" "rustops/crates-build-env@sha256:a636fd89d022f18117e1dc8fb37a0a009933cdbbe082814857f0e2024962d47c" "/opt/rustwide/cargo-home/bin/cargo" "+cfbc6d4cf1acbac5c025acf8ed68929caa551df3" "metadata" "--no-deps" "--format-version=1", kill_on_drop: false }`
[INFO] [stdout] 2a64bf6614d051e9fcc38da988db9973c9f058e53bec1d6cffbd4bc7504e1dfc
[INFO] [stderr] WARNING: Your kernel does not support swap limit capabilities or the cgroup is not mounted. Memory limited without swap.
[INFO] running `Command { std: "docker" "start" "-a" "2a64bf6614d051e9fcc38da988db9973c9f058e53bec1d6cffbd4bc7504e1dfc", kill_on_drop: false }`
[INFO] running `Command { std: "docker" "inspect" "2a64bf6614d051e9fcc38da988db9973c9f058e53bec1d6cffbd4bc7504e1dfc", kill_on_drop: false }`
[INFO] running `Command { std: "docker" "rm" "-f" "2a64bf6614d051e9fcc38da988db9973c9f058e53bec1d6cffbd4bc7504e1dfc", kill_on_drop: false }`
[INFO] [stdout] 2a64bf6614d051e9fcc38da988db9973c9f058e53bec1d6cffbd4bc7504e1dfc
[INFO] running `Command { std: "docker" "create" "-v" "/var/lib/crater-agent-workspace/builds/worker-8/target:/opt/rustwide/target:rw,Z" "-v" "/var/lib/crater-agent-workspace/builds/worker-8/source:/opt/rustwide/workdir:ro,Z" "-v" "/var/lib/crater-agent-workspace/cargo-home:/opt/rustwide/cargo-home:ro,Z" "-v" "/var/lib/crater-agent-workspace/rustup-home:/opt/rustwide/rustup-home:ro,Z" "-e" "SOURCE_DIR=/opt/rustwide/workdir" "-e" "CARGO_TARGET_DIR=/opt/rustwide/target" "-e" "CARGO_INCREMENTAL=0" "-e" "RUST_BACKTRACE=full" "-e" "RUSTFLAGS=--cap-lints=forbid" "-e" "CARGO_HOME=/opt/rustwide/cargo-home" "-e" "RUSTUP_HOME=/opt/rustwide/rustup-home" "-w" "/opt/rustwide/workdir" "-m" "1610612736" "--user" "0:0" "--network" "none" "rustops/crates-build-env@sha256:a636fd89d022f18117e1dc8fb37a0a009933cdbbe082814857f0e2024962d47c" "/opt/rustwide/cargo-home/bin/cargo" "+cfbc6d4cf1acbac5c025acf8ed68929caa551df3" "check" "--frozen" "--all" "--all-targets" "--message-format=json", kill_on_drop: false }`
[INFO] [stdout] f3fea1214e0ff695a42d528bb8697bda788acc75306b69e50b15a40d6983b9e9
[INFO] [stderr] WARNING: Your kernel does not support swap limit capabilities or the cgroup is not mounted. Memory limited without swap.
[INFO] running `Command { std: "docker" "start" "-a" "f3fea1214e0ff695a42d528bb8697bda788acc75306b69e50b15a40d6983b9e9", kill_on_drop: false }`
[INFO] [stderr]    Compiling proc-macro2 v1.0.19
[INFO] [stderr]    Compiling unicode-xid v0.2.1
[INFO] [stderr]    Compiling syn v1.0.39
[INFO] [stderr]    Compiling failure_derive v0.1.8
[INFO] [stderr]     Checking adler v0.2.3
[INFO] [stderr]     Checking gimli v0.22.0
[INFO] [stderr]     Checking cfg-if v0.1.10
[INFO] [stderr]     Checking object v0.20.0
[INFO] [stderr]     Checking rustc-demangle v0.1.16
[INFO] [stderr]     Checking threadpool v1.8.1
[INFO] [stderr]     Checking miniz_oxide v0.4.0
[INFO] [stderr]    Compiling quote v1.0.7
[INFO] [stderr]     Checking addr2line v0.13.0
[INFO] [stderr]     Checking backtrace v0.3.50
[INFO] [stderr]    Compiling synstructure v0.12.4
[INFO] [stderr]     Checking failure v0.1.8
[INFO] [stderr]     Checking stayalive v0.5.0 (/opt/rustwide/workdir)
[INFO] [stdout] warning: trait objects without an explicit `dyn` are deprecated
[INFO] [stdout]    --> src/bulkheads/concurrency_limiters.rs:241:19
[INFO] [stdout]     |
[INFO] [stdout] 241 |     exec_cmd: Arc<Fn(C, P::Resource) -> Result<T, E> + Send + Sync + 'static>,
[INFO] [stdout]     |                   ^^^^^^^^^^^^^^^^^^^^^^^^^^^^^^^^^^^^^^^^^^^^^^^^^^^^^^^^^^ help: use `dyn`: `dyn Fn(C, P::Resource) -> Result<T, E> + Send + Sync + 'static`
[INFO] [stdout]     |
[INFO] [stdout]     = note: `#[warn(bare_trait_objects)]` on by default
[INFO] [stdout] 
[INFO] [stdout] 
[INFO] [stdout] warning: trait objects without an explicit `dyn` are deprecated
[INFO] [stdout]    --> src/bulkheads/concurrency_limiters.rs:241:19
[INFO] [stdout]     |
[INFO] [stdout] 241 |     exec_cmd: Arc<Fn(C, P::Resource) -> Result<T, E> + Send + Sync + 'static>,
[INFO] [stdout]     |                   ^^^^^^^^^^^^^^^^^^^^^^^^^^^^^^^^^^^^^^^^^^^^^^^^^^^^^^^^^^ help: use `dyn`: `dyn Fn(C, P::Resource) -> Result<T, E> + Send + Sync + 'static`
[INFO] [stdout]     |
[INFO] [stdout]     = note: `#[warn(bare_trait_objects)]` on by default
[INFO] [stdout] 
[INFO] [stdout] 
[INFO] [stdout] error[E0277]: `E` doesn't implement `std::fmt::Debug`
[INFO] [stdout]    --> src/circuitbreakers/mod.rs:9:24
[INFO] [stdout]     |
[INFO] [stdout] 9   | #[derive(Debug, Clone, Fail)]
[INFO] [stdout]     |                        ^^^^ `E` cannot be formatted using `{:?}` because it doesn't implement `std::fmt::Debug`
[INFO] [stdout]     | 
[INFO] [stdout]    ::: /opt/rustwide/cargo-home/registry/src/github.com-1ecc6299db9ec823/failure-0.1.8/src/lib.rs:108:27
[INFO] [stdout]     |
[INFO] [stdout] 108 | pub trait Fail: Display + Debug + Send + Sync + 'static {
[INFO] [stdout]     |                           ----- required by this bound in `failure::Fail`
[INFO] [stdout]     |
[INFO] [stdout]     = help: the trait `std::fmt::Debug` is not implemented for `E`
[INFO] [stdout]     = note: required because of the requirements on the impl of `std::fmt::Debug` for `circuitbreakers::CircuitBreakerError<E>`
[INFO] [stdout]     = note: this error originates in a derive macro (in Nightly builds, run with -Z macro-backtrace for more info)
[INFO] [stdout] help: consider further restricting this bound
[INFO] [stdout]     |
[INFO] [stdout] 10  | pub enum CircuitBreakerError<E: fmt::Display + std::fmt::Debug> {
[INFO] [stdout]     |                                              ^^^^^^^^^^^^^^^^^
[INFO] [stdout] 
[INFO] [stdout] 
[INFO] [stdout] error[E0277]: `E` cannot be shared between threads safely
[INFO] [stdout]    --> src/circuitbreakers/mod.rs:9:24
[INFO] [stdout]     |
[INFO] [stdout] 9   | #[derive(Debug, Clone, Fail)]
[INFO] [stdout]     |                        ^^^^ `E` cannot be shared between threads safely
[INFO] [stdout]     | 
[INFO] [stdout]    ::: /opt/rustwide/cargo-home/registry/src/github.com-1ecc6299db9ec823/failure-0.1.8/src/lib.rs:108:42
[INFO] [stdout]     |
[INFO] [stdout] 108 | pub trait Fail: Display + Debug + Send + Sync + 'static {
[INFO] [stdout]     |                                          ---- required by this bound in `failure::Fail`
[INFO] [stdout]     |
[INFO] [stdout]     = help: within `circuitbreakers::CircuitBreakerError<E>`, the trait `std::marker::Sync` is not implemented for `E`
[INFO] [stdout]     = note: required because it appears within the type `circuitbreakers::CircuitBreakerError<E>`
[INFO] [stdout]     = note: this error originates in a derive macro (in Nightly builds, run with -Z macro-backtrace for more info)
[INFO] [stdout] help: consider further restricting this bound
[INFO] [stdout]     |
[INFO] [stdout] 10  | pub enum CircuitBreakerError<E: fmt::Display + std::marker::Sync> {
[INFO] [stdout]     |                                              ^^^^^^^^^^^^^^^^^^^
[INFO] [stdout] 
[INFO] [stdout] 
[INFO] [stdout] error[E0277]: `E` cannot be sent between threads safely
[INFO] [stdout]    --> src/circuitbreakers/mod.rs:9:24
[INFO] [stdout]     |
[INFO] [stdout] 9   | #[derive(Debug, Clone, Fail)]
[INFO] [stdout]     |                        ^^^^ `E` cannot be sent between threads safely
[INFO] [stdout]     | 
[INFO] [stdout]    ::: /opt/rustwide/cargo-home/registry/src/github.com-1ecc6299db9ec823/failure-0.1.8/src/lib.rs:108:35
[INFO] [stdout]     |
[INFO] [stdout] 108 | pub trait Fail: Display + Debug + Send + Sync + 'static {
[INFO] [stdout]     |                                   ---- required by this bound in `failure::Fail`
[INFO] [stdout]     |
[INFO] [stdout]     = help: within `circuitbreakers::CircuitBreakerError<E>`, the trait `std::marker::Send` is not implemented for `E`
[INFO] [stdout]     = note: required because it appears within the type `circuitbreakers::CircuitBreakerError<E>`
[INFO] [stdout]     = note: this error originates in a derive macro (in Nightly builds, run with -Z macro-backtrace for more info)
[INFO] [stdout] help: consider further restricting this bound
[INFO] [stdout]     |
[INFO] [stdout] 10  | pub enum CircuitBreakerError<E: fmt::Display + std::marker::Send> {
[INFO] [stdout]     |                                              ^^^^^^^^^^^^^^^^^^^
[INFO] [stdout] 
[INFO] [stdout] 
[INFO] [stdout] error[E0277]: `E` doesn't implement `std::fmt::Debug`
[INFO] [stdout]    --> src/bulkheads/mod.rs:12:24
[INFO] [stdout]     |
[INFO] [stdout] 12  | #[derive(Debug, Clone, Fail)]
[INFO] [stdout]     |                        ^^^^ `E` cannot be formatted using `{:?}` because it doesn't implement `std::fmt::Debug`
[INFO] [stdout]     | 
[INFO] [stdout]    ::: /opt/rustwide/cargo-home/registry/src/github.com-1ecc6299db9ec823/failure-0.1.8/src/lib.rs:108:27
[INFO] [stdout]     |
[INFO] [stdout] 108 | pub trait Fail: Display + Debug + Send + Sync + 'static {
[INFO] [stdout]     |                           ----- required by this bound in `failure::Fail`
[INFO] [stdout]     |
[INFO] [stdout]     = help: the trait `std::fmt::Debug` is not implemented for `E`
[INFO] [stdout]     = note: required because of the requirements on the impl of `std::fmt::Debug` for `bulkheads::BulkheadError<E>`
[INFO] [stdout]     = note: this error originates in a derive macro (in Nightly builds, run with -Z macro-backtrace for more info)
[INFO] [stdout] help: consider further restricting this bound
[INFO] [stdout]     |
[INFO] [stdout] 13  | pub enum BulkheadError<E: fmt::Display + std::fmt::Debug> {
[INFO] [stdout]     |                                        ^^^^^^^^^^^^^^^^^
[INFO] [stdout] 
[INFO] [stdout] 
[INFO] [stdout] error[E0277]: `E` cannot be shared between threads safely
[INFO] [stdout]    --> src/bulkheads/mod.rs:12:24
[INFO] [stdout]     |
[INFO] [stdout] 12  | #[derive(Debug, Clone, Fail)]
[INFO] [stdout]     |                        ^^^^ `E` cannot be shared between threads safely
[INFO] [stdout]     | 
[INFO] [stdout]    ::: /opt/rustwide/cargo-home/registry/src/github.com-1ecc6299db9ec823/failure-0.1.8/src/lib.rs:108:42
[INFO] [stdout]     |
[INFO] [stdout] 108 | pub trait Fail: Display + Debug + Send + Sync + 'static {
[INFO] [stdout]     |                                          ---- required by this bound in `failure::Fail`
[INFO] [stdout]     |
[INFO] [stdout]     = help: within `bulkheads::BulkheadError<E>`, the trait `std::marker::Sync` is not implemented for `E`
[INFO] [stdout]     = note: required because it appears within the type `bulkheads::BulkheadError<E>`
[INFO] [stdout]     = note: this error originates in a derive macro (in Nightly builds, run with -Z macro-backtrace for more info)
[INFO] [stdout] help: consider further restricting this bound
[INFO] [stdout]     |
[INFO] [stdout] 13  | pub enum BulkheadError<E: fmt::Display + std::marker::Sync> {
[INFO] [stdout]     |                                        ^^^^^^^^^^^^^^^^^^^
[INFO] [stdout] 
[INFO] [stdout] 
[INFO] [stdout] error[E0277]: `E` cannot be sent between threads safely
[INFO] [stdout]    --> src/bulkheads/mod.rs:12:24
[INFO] [stdout]     |
[INFO] [stdout] 12  | #[derive(Debug, Clone, Fail)]
[INFO] [stdout]     |                        ^^^^ `E` cannot be sent between threads safely
[INFO] [stdout]     | 
[INFO] [stdout]    ::: /opt/rustwide/cargo-home/registry/src/github.com-1ecc6299db9ec823/failure-0.1.8/src/lib.rs:108:35
[INFO] [stdout]     |
[INFO] [stdout] 108 | pub trait Fail: Display + Debug + Send + Sync + 'static {
[INFO] [stdout]     |                                   ---- required by this bound in `failure::Fail`
[INFO] [stdout]     |
[INFO] [stdout]     = help: within `bulkheads::BulkheadError<E>`, the trait `std::marker::Send` is not implemented for `E`
[INFO] [stdout]     = note: required because it appears within the type `bulkheads::BulkheadError<E>`
[INFO] [stdout]     = note: this error originates in a derive macro (in Nightly builds, run with -Z macro-backtrace for more info)
[INFO] [stdout] help: consider further restricting this bound
[INFO] [stdout]     |
[INFO] [stdout] 13  | pub enum BulkheadError<E: fmt::Display + std::marker::Send> {
[INFO] [stdout]     |                                        ^^^^^^^^^^^^^^^^^^^
[INFO] [stdout] 
[INFO] [stdout] 
[INFO] [stdout] error: aborting due to 6 previous errors; 1 warning emitted
[INFO] [stdout] 
[INFO] [stdout] 
[INFO] [stdout] For more information about this error, try `rustc --explain E0277`.
[INFO] [stdout] 
[INFO] [stderr] error: could not compile `stayalive`.
[INFO] [stderr] 
[INFO] [stderr] To learn more, run the command again with --verbose.
[INFO] [stderr] warning: build failed, waiting for other jobs to finish...
[INFO] [stdout] error[E0277]: `E` doesn't implement `std::fmt::Debug`
[INFO] [stdout]    --> src/circuitbreakers/mod.rs:9:24
[INFO] [stdout]     |
[INFO] [stdout] 9   | #[derive(Debug, Clone, Fail)]
[INFO] [stdout]     |                        ^^^^ `E` cannot be formatted using `{:?}` because it doesn't implement `std::fmt::Debug`
[INFO] [stdout]     | 
[INFO] [stdout]    ::: /opt/rustwide/cargo-home/registry/src/github.com-1ecc6299db9ec823/failure-0.1.8/src/lib.rs:108:27
[INFO] [stdout]     |
[INFO] [stdout] 108 | pub trait Fail: Display + Debug + Send + Sync + 'static {
[INFO] [stdout]     |                           ----- required by this bound in `failure::Fail`
[INFO] [stdout]     |
[INFO] [stdout]     = help: the trait `std::fmt::Debug` is not implemented for `E`
[INFO] [stdout]     = note: required because of the requirements on the impl of `std::fmt::Debug` for `circuitbreakers::CircuitBreakerError<E>`
[INFO] [stdout]     = note: this error originates in a derive macro (in Nightly builds, run with -Z macro-backtrace for more info)
[INFO] [stdout] help: consider further restricting this bound
[INFO] [stdout]     |
[INFO] [stdout] 10  | pub enum CircuitBreakerError<E: fmt::Display + std::fmt::Debug> {
[INFO] [stdout]     |                                              ^^^^^^^^^^^^^^^^^
[INFO] [stdout] 
[INFO] [stdout] 
[INFO] [stdout] error[E0277]: `E` cannot be shared between threads safely
[INFO] [stdout]    --> src/circuitbreakers/mod.rs:9:24
[INFO] [stdout]     |
[INFO] [stdout] 9   | #[derive(Debug, Clone, Fail)]
[INFO] [stdout]     |                        ^^^^ `E` cannot be shared between threads safely
[INFO] [stdout]     | 
[INFO] [stdout]    ::: /opt/rustwide/cargo-home/registry/src/github.com-1ecc6299db9ec823/failure-0.1.8/src/lib.rs:108:42
[INFO] [stdout]     |
[INFO] [stdout] 108 | pub trait Fail: Display + Debug + Send + Sync + 'static {
[INFO] [stdout]     |                                          ---- required by this bound in `failure::Fail`
[INFO] [stdout]     |
[INFO] [stdout]     = help: within `circuitbreakers::CircuitBreakerError<E>`, the trait `std::marker::Sync` is not implemented for `E`
[INFO] [stdout]     = note: required because it appears within the type `circuitbreakers::CircuitBreakerError<E>`
[INFO] [stdout]     = note: this error originates in a derive macro (in Nightly builds, run with -Z macro-backtrace for more info)
[INFO] [stdout] help: consider further restricting this bound
[INFO] [stdout]     |
[INFO] [stdout] 10  | pub enum CircuitBreakerError<E: fmt::Display + std::marker::Sync> {
[INFO] [stdout]     |                                              ^^^^^^^^^^^^^^^^^^^
[INFO] [stdout] 
[INFO] [stdout] 
[INFO] [stdout] error[E0277]: `E` cannot be sent between threads safely
[INFO] [stdout]    --> src/circuitbreakers/mod.rs:9:24
[INFO] [stdout]     |
[INFO] [stdout] 9   | #[derive(Debug, Clone, Fail)]
[INFO] [stdout]     |                        ^^^^ `E` cannot be sent between threads safely
[INFO] [stdout]     | 
[INFO] [stdout]    ::: /opt/rustwide/cargo-home/registry/src/github.com-1ecc6299db9ec823/failure-0.1.8/src/lib.rs:108:35
[INFO] [stdout]     |
[INFO] [stdout] 108 | pub trait Fail: Display + Debug + Send + Sync + 'static {
[INFO] [stdout]     |                                   ---- required by this bound in `failure::Fail`
[INFO] [stdout]     |
[INFO] [stdout]     = help: within `circuitbreakers::CircuitBreakerError<E>`, the trait `std::marker::Send` is not implemented for `E`
[INFO] [stdout]     = note: required because it appears within the type `circuitbreakers::CircuitBreakerError<E>`
[INFO] [stdout]     = note: this error originates in a derive macro (in Nightly builds, run with -Z macro-backtrace for more info)
[INFO] [stdout] help: consider further restricting this bound
[INFO] [stdout]     |
[INFO] [stdout] 10  | pub enum CircuitBreakerError<E: fmt::Display + std::marker::Send> {
[INFO] [stdout]     |                                              ^^^^^^^^^^^^^^^^^^^
[INFO] [stdout] 
[INFO] [stdout] 
[INFO] [stdout] error[E0277]: `E` doesn't implement `std::fmt::Debug`
[INFO] [stdout]    --> src/bulkheads/mod.rs:12:24
[INFO] [stdout]     |
[INFO] [stdout] 12  | #[derive(Debug, Clone, Fail)]
[INFO] [stdout]     |                        ^^^^ `E` cannot be formatted using `{:?}` because it doesn't implement `std::fmt::Debug`
[INFO] [stdout]     | 
[INFO] [stdout]    ::: /opt/rustwide/cargo-home/registry/src/github.com-1ecc6299db9ec823/failure-0.1.8/src/lib.rs:108:27
[INFO] [stdout]     |
[INFO] [stdout] 108 | pub trait Fail: Display + Debug + Send + Sync + 'static {
[INFO] [stdout]     |                           ----- required by this bound in `failure::Fail`
[INFO] [stdout]     |
[INFO] [stdout]     = help: the trait `std::fmt::Debug` is not implemented for `E`
[INFO] [stdout]     = note: required because of the requirements on the impl of `std::fmt::Debug` for `bulkheads::BulkheadError<E>`
[INFO] [stdout]     = note: this error originates in a derive macro (in Nightly builds, run with -Z macro-backtrace for more info)
[INFO] [stdout] help: consider further restricting this bound
[INFO] [stdout]     |
[INFO] [stdout] 13  | pub enum BulkheadError<E: fmt::Display + std::fmt::Debug> {
[INFO] [stdout]     |                                        ^^^^^^^^^^^^^^^^^
[INFO] [stdout] 
[INFO] [stdout] 
[INFO] [stdout] error[E0277]: `E` cannot be shared between threads safely
[INFO] [stdout]    --> src/bulkheads/mod.rs:12:24
[INFO] [stdout]     |
[INFO] [stdout] 12  | #[derive(Debug, Clone, Fail)]
[INFO] [stdout]     |                        ^^^^ `E` cannot be shared between threads safely
[INFO] [stdout]     | 
[INFO] [stdout]    ::: /opt/rustwide/cargo-home/registry/src/github.com-1ecc6299db9ec823/failure-0.1.8/src/lib.rs:108:42
[INFO] [stdout]     |
[INFO] [stdout] 108 | pub trait Fail: Display + Debug + Send + Sync + 'static {
[INFO] [stdout]     |                                          ---- required by this bound in `failure::Fail`
[INFO] [stdout]     |
[INFO] [stdout]     = help: within `bulkheads::BulkheadError<E>`, the trait `std::marker::Sync` is not implemented for `E`
[INFO] [stdout]     = note: required because it appears within the type `bulkheads::BulkheadError<E>`
[INFO] [stdout]     = note: this error originates in a derive macro (in Nightly builds, run with -Z macro-backtrace for more info)
[INFO] [stdout] help: consider further restricting this bound
[INFO] [stdout]     |
[INFO] [stdout] 13  | pub enum BulkheadError<E: fmt::Display + std::marker::Sync> {
[INFO] [stdout]     |                                        ^^^^^^^^^^^^^^^^^^^
[INFO] [stdout] 
[INFO] [stdout] 
[INFO] [stdout] error[E0277]: `E` cannot be sent between threads safely
[INFO] [stdout]    --> src/bulkheads/mod.rs:12:24
[INFO] [stdout]     |
[INFO] [stdout] 12  | #[derive(Debug, Clone, Fail)]
[INFO] [stdout]     |                        ^^^^ `E` cannot be sent between threads safely
[INFO] [stdout]     | 
[INFO] [stdout]    ::: /opt/rustwide/cargo-home/registry/src/github.com-1ecc6299db9ec823/failure-0.1.8/src/lib.rs:108:35
[INFO] [stdout]     |
[INFO] [stdout] 108 | pub trait Fail: Display + Debug + Send + Sync + 'static {
[INFO] [stdout]     |                                   ---- required by this bound in `failure::Fail`
[INFO] [stdout]     |
[INFO] [stdout]     = help: within `bulkheads::BulkheadError<E>`, the trait `std::marker::Send` is not implemented for `E`
[INFO] [stdout]     = note: required because it appears within the type `bulkheads::BulkheadError<E>`
[INFO] [stdout]     = note: this error originates in a derive macro (in Nightly builds, run with -Z macro-backtrace for more info)
[INFO] [stdout] help: consider further restricting this bound
[INFO] [stdout]     |
[INFO] [stdout] 13  | pub enum BulkheadError<E: fmt::Display + std::marker::Send> {
[INFO] [stdout]     |                                        ^^^^^^^^^^^^^^^^^^^
[INFO] [stdout] 
[INFO] [stdout] 
[INFO] [stdout] error: aborting due to 6 previous errors; 1 warning emitted
[INFO] [stdout] 
[INFO] [stdout] 
[INFO] [stdout] For more information about this error, try `rustc --explain E0277`.
[INFO] [stdout] 
[INFO] [stderr] error: build failed
[INFO] running `Command { std: "docker" "inspect" "f3fea1214e0ff695a42d528bb8697bda788acc75306b69e50b15a40d6983b9e9", kill_on_drop: false }`
[INFO] running `Command { std: "docker" "rm" "-f" "f3fea1214e0ff695a42d528bb8697bda788acc75306b69e50b15a40d6983b9e9", kill_on_drop: false }`
[INFO] [stdout] f3fea1214e0ff695a42d528bb8697bda788acc75306b69e50b15a40d6983b9e9
